{"id":802,"date":"2020-10-15T09:15:49","date_gmt":"2020-10-15T08:15:49","guid":{"rendered":"http:\/\/ib-bb.de\/?page_id=802"},"modified":"2021-03-12T13:35:36","modified_gmt":"2021-03-12T12:35:36","slug":"weichenschilder","status":"publish","type":"page","link":"https:\/\/ib-bb.de\/?page_id=802","title":{"rendered":"Weichenschilder"},"content":{"rendered":"\n<p>Unsere Weichenschilder f\u00fcr EPL Antriebe zur besseren Identifikation der Adresse aauf dem EPL Antrieb entwickelt.<\/p>\n\n\n\n<p>Die Schilder werden im zweifarbigen 3D Druck aus PETG hergestellt und werden einfach in die L\u00f6cher der Klemmschauben geclipst.<\/p>\n\n\n\n<p>Da es bei dem Abstand der Schraubl\u00f6cher Unterschiede gibt , kann zwischen mehreren Varianten gew\u00e4hlt werden.<\/p>\n\n\n\n<figure class=\"wp-block-gallery columns-2 is-cropped wp-block-gallery-1 is-layout-flex wp-block-gallery-is-layout-flex\"><ul class=\"blocks-gallery-grid\"><li class=\"blocks-gallery-item\"><figure><img loading=\"lazy\" decoding=\"async\" width=\"1024\" height=\"768\" src=\"https:\/\/ib-bb.de\/wp-content\/uploads\/2020\/10\/IMG_9265-hp-1024x768.jpg\" alt=\"\" data-id=\"809\" data-full-url=\"https:\/\/ib-bb.de\/wp-content\/uploads\/2020\/10\/IMG_9265-hp.jpg\" data-link=\"https:\/\/ib-bb.de\/?attachment_id=809\" class=\"wp-image-809\" srcset=\"https:\/\/ib-bb.de\/wp-content\/uploads\/2020\/10\/IMG_9265-hp-1024x768.jpg 1024w, https:\/\/ib-bb.de\/wp-content\/uploads\/2020\/10\/IMG_9265-hp-300x225.jpg 300w, https:\/\/ib-bb.de\/wp-content\/uploads\/2020\/10\/IMG_9265-hp-768x576.jpg 768w, https:\/\/ib-bb.de\/wp-content\/uploads\/2020\/10\/IMG_9265-hp-1536x1152.jpg 1536w, https:\/\/ib-bb.de\/wp-content\/uploads\/2020\/10\/IMG_9265-hp.jpg 1632w\" sizes=\"(max-width: 1024px) 100vw, 1024px\" \/><\/figure><\/li><li class=\"blocks-gallery-item\"><figure><img loading=\"lazy\" decoding=\"async\" width=\"433\" height=\"577\" src=\"https:\/\/ib-bb.de\/wp-content\/uploads\/2020\/10\/IMG_9266-hp-rotated.jpg\" alt=\"\" data-id=\"810\" data-full-url=\"https:\/\/ib-bb.de\/wp-content\/uploads\/2020\/10\/IMG_9266-hp-rotated.jpg\" data-link=\"https:\/\/ib-bb.de\/?attachment_id=810\" class=\"wp-image-810\" srcset=\"https:\/\/ib-bb.de\/wp-content\/uploads\/2020\/10\/IMG_9266-hp-rotated.jpg 433w, https:\/\/ib-bb.de\/wp-content\/uploads\/2020\/10\/IMG_9266-hp-225x300.jpg 225w\" sizes=\"(max-width: 433px) 100vw, 433px\" \/><\/figure><\/li><\/ul><\/figure>\n\n\n\n<figure class=\"wp-block-gallery columns-1 is-cropped wp-block-gallery-2 is-layout-flex wp-block-gallery-is-layout-flex\"><ul class=\"blocks-gallery-grid\"><li class=\"blocks-gallery-item\"><figure><img loading=\"lazy\" decoding=\"async\" width=\"1024\" height=\"768\" src=\"https:\/\/ib-bb.de\/wp-content\/uploads\/2020\/10\/IMG_9843-hp-1024x768.jpg\" alt=\"\" data-id=\"811\" data-full-url=\"https:\/\/ib-bb.de\/wp-content\/uploads\/2020\/10\/IMG_9843-hp.jpg\" data-link=\"https:\/\/ib-bb.de\/?attachment_id=811\" class=\"wp-image-811\" srcset=\"https:\/\/ib-bb.de\/wp-content\/uploads\/2020\/10\/IMG_9843-hp-1024x768.jpg 1024w, https:\/\/ib-bb.de\/wp-content\/uploads\/2020\/10\/IMG_9843-hp-300x225.jpg 300w, https:\/\/ib-bb.de\/wp-content\/uploads\/2020\/10\/IMG_9843-hp-768x576.jpg 768w, https:\/\/ib-bb.de\/wp-content\/uploads\/2020\/10\/IMG_9843-hp-1536x1152.jpg 1536w, https:\/\/ib-bb.de\/wp-content\/uploads\/2020\/10\/IMG_9843-hp.jpg 1632w\" sizes=\"(max-width: 1024px) 100vw, 1024px\" \/><\/figure><\/li><\/ul><\/figure>\n\n\n\n<p><strong>Schraublochvariante 1<\/strong>: Der Abstand der L\u00f6cher betr\u00e4gt exakt 5 mm, die sind die meist \u00e4lteren, mit Schlitzschrauben in den Anschlussklemmen , abk\u00fcrzend &#8220; Schlitz&#8220; genannt.<\/p>\n\n\n\n<p><strong>Schraublochvariante 2<\/strong>: Der Abstand der L\u00f6cher betr\u00e4gt exakt 5,5 mm, die sind die meist neueren, mit Kreuzschraubenschrauben in den Anschlussklemmen , abk\u00fcrzend &#8220; Kreuz&#8220; genannt, allerdings soll es sie auch mittlerweile wieder mit Schlitz geben.<\/p>\n\n\n\n<p>Wer sicher gehen will sollte den Abstand ausmessen, bzw. sich f\u00fcr ein Kombiset entscheiden. Die Schilder werden in 2 Farbkombinationen angeboten schwarz\/weiss und schwarz\/rot.<\/p>\n\n\n\n<p>Alle Sets werden auf einer stablilen 3 mm PS Platte geliefert, um die \u00dcbersicht zu behalten.<\/p>\n\n\n\n<p>Aktuelle Preise entnehmen Sie bitte aus unserer Preisliste , diese finden Sie unter <a href=\"https:\/\/ib-bb.de\/?page_id=288\" data-type=\"page\" data-id=\"288\">Download<\/a>.<\/p>\n\n\n\n<p><strong>Folgende Sets werden angeboten:<\/strong><\/p>\n\n\n\n<p><strong>WS-Satz 100 SW\/RT Schlitz: <\/strong>Schlitz Nummern 1-100  schwarz\/rot Abstand 5 mm<\/p>\n\n\n\n<p><strong>WS-Satz 100 SW\/WS Schlitz:<\/strong> Schlitz Nummern 1-100 schwarz\/weiss Abstand 5 mm<\/p>\n\n\n\n<p><strong>WS-Satz 100 SW\/RT Kreuz:<\/strong> Kreuz Nummern 1-100 schwarz\/rot Abstand 5,5 mm<\/p>\n\n\n\n<p><strong>WS-Satz 100 SW\/WS Kreuz:<\/strong> Kreuz Nummern 1-100 schwarz\/weiss Abstand 5,5 mm<\/p>\n\n\n\n<p><strong>WS-Kombi Satz 50 SW\/RT:<\/strong> je 50 Nummern 1-50 schwarz\/rot Abstand 5 mm und  je 50 Nummer 1-50 schwarz\/rot Abstand 5,5 mm<\/p>\n\n\n\n<p><strong>WS-Kombi Satz 50 SW\/WS:<\/strong> je 50 Nummern 1-50 schwarz\/weiss Abstand 5 mm und je 50 Nummer 1-50 schwarz\/weiss Abstand 5,5 mm<\/p>\n\n\n\n<p><strong>WS-Satz 50 SW\/WS Schlitz:<\/strong> je 50 Nummern 1-50 schwarz\/weiss Abstand 5 mm<\/p>\n\n\n\n<p><strong>WS-Satz 50 SW\/WS Kreuz:<\/strong> je 50 Nummern 1-50 schwarz\/weiss Abstand 5,5 mm<\/p>\n\n\n\n<p><strong>WS-Satz 50 SW\/RTSchlitz:<\/strong> je 50 Nummern 1-50 schwarz\/rotAbstand 5 mm<\/p>\n\n\n\n<p><strong>WS-Satz 50 SW\/RT Kreuz:<\/strong> je 50 Nummern 1-50 schwarz\/weiss Abstand 5,5 mm<\/p>\n\n\n\n<p><strong>WS-Kappe<\/strong> Als Erg\u00e4nzung gibt es noch eine Abdeckkappe f\u00fcr die beliebten LGB Weichen\/Signalumschalter (im Set sind 2 St\u00fcck enthalten)<\/p>\n\n\n\n<figure class=\"wp-block-gallery columns-2 is-cropped wp-block-gallery-3 is-layout-flex wp-block-gallery-is-layout-flex\"><ul class=\"blocks-gallery-grid\"><li class=\"blocks-gallery-item\"><figure><img loading=\"lazy\" decoding=\"async\" width=\"768\" height=\"1024\" src=\"https:\/\/ib-bb.de\/wp-content\/uploads\/2021\/03\/IMG_0350-Kopie-768x1024.jpg\" alt=\"\" data-id=\"1066\" data-full-url=\"https:\/\/ib-bb.de\/wp-content\/uploads\/2021\/03\/IMG_0350-Kopie-scaled.jpg\" data-link=\"https:\/\/ib-bb.de\/?attachment_id=1066\" class=\"wp-image-1066\" srcset=\"https:\/\/ib-bb.de\/wp-content\/uploads\/2021\/03\/IMG_0350-Kopie-768x1024.jpg 768w, https:\/\/ib-bb.de\/wp-content\/uploads\/2021\/03\/IMG_0350-Kopie-225x300.jpg 225w, https:\/\/ib-bb.de\/wp-content\/uploads\/2021\/03\/IMG_0350-Kopie-1152x1536.jpg 1152w, https:\/\/ib-bb.de\/wp-content\/uploads\/2021\/03\/IMG_0350-Kopie-1536x2048.jpg 1536w, https:\/\/ib-bb.de\/wp-content\/uploads\/2021\/03\/IMG_0350-Kopie-scaled.jpg 1920w\" sizes=\"(max-width: 768px) 100vw, 768px\" \/><\/figure><\/li><li class=\"blocks-gallery-item\"><figure><img loading=\"lazy\" decoding=\"async\" width=\"768\" height=\"1024\" src=\"https:\/\/ib-bb.de\/wp-content\/uploads\/2021\/03\/IMG_0351-Kopie-768x1024.jpg\" alt=\"\" data-id=\"1065\" data-full-url=\"https:\/\/ib-bb.de\/wp-content\/uploads\/2021\/03\/IMG_0351-Kopie-scaled.jpg\" data-link=\"https:\/\/ib-bb.de\/?attachment_id=1065\" class=\"wp-image-1065\" srcset=\"https:\/\/ib-bb.de\/wp-content\/uploads\/2021\/03\/IMG_0351-Kopie-768x1024.jpg 768w, https:\/\/ib-bb.de\/wp-content\/uploads\/2021\/03\/IMG_0351-Kopie-225x300.jpg 225w, https:\/\/ib-bb.de\/wp-content\/uploads\/2021\/03\/IMG_0351-Kopie-1152x1536.jpg 1152w, https:\/\/ib-bb.de\/wp-content\/uploads\/2021\/03\/IMG_0351-Kopie-1536x2048.jpg 1536w, https:\/\/ib-bb.de\/wp-content\/uploads\/2021\/03\/IMG_0351-Kopie-scaled.jpg 1920w\" sizes=\"(max-width: 768px) 100vw, 768px\" \/><\/figure><\/li><\/ul><\/figure>\n\n\n\n<p><\/p>\n\n\n\n<p><\/p>\n\n\n\n<p><\/p>\n\n\n\n<p>Aktuelle Preise entnehmen Sie bitte aus unserer Preisliste , diese finden Sie unter <a href=\"https:\/\/ib-bb.de\/?page_id=288\">Download<\/a>.<\/p>\n\n\n\n<p>Sollten Sie Interesse haben, kontaktieren Sie uns bitte per <a href=\"mailto:info@ib-bb.de?subject=Anfrage%20Umbausatz\">Email<\/a>.<\/p>\n","protected":false},"excerpt":{"rendered":"<p>Unsere Weichenschilder f\u00fcr EPL Antriebe zur besseren Identifikation der Adresse aauf dem EPL Antrieb entwickelt. Die Schilder werden im zweifarbigen 3D Druck aus PETG hergestellt und werden einfach in die L\u00f6cher der Klemmschauben geclipst. Da es bei dem Abstand der Schraubl\u00f6cher Unterschiede gibt , kann zwischen mehreren Varianten gew\u00e4hlt werden. Schraublochvariante 1: Der Abstand der [&hellip;]<\/p>\n","protected":false},"author":1,"featured_media":0,"parent":0,"menu_order":0,"comment_status":"closed","ping_status":"closed","template":"","meta":{"site-sidebar-layout":"default","site-content-layout":"default","ast-site-content-layout":"default","site-content-style":"default","site-sidebar-style":"default","ast-global-header-display":"","ast-banner-title-visibility":"","ast-main-header-display":"","ast-hfb-above-header-display":"","ast-hfb-below-header-display":"","ast-hfb-mobile-header-display":"","site-post-title":"","ast-breadcrumbs-content":"","ast-featured-img":"","footer-sml-layout":"","ast-disable-related-posts":"","theme-transparent-header-meta":"default","adv-header-id-meta":"","stick-header-meta":"","header-above-stick-meta":"","header-main-stick-meta":"","header-below-stick-meta":"","astra-migrate-meta-layouts":"default","ast-page-background-enabled":"default","ast-page-background-meta":{"desktop":{"background-color":"","background-image":"","background-repeat":"repeat","background-position":"center center","background-size":"auto","background-attachment":"scroll","background-type":"","background-media":"","overlay-type":"","overlay-color":"","overlay-opacity":"","overlay-gradient":""},"tablet":{"background-color":"","background-image":"","background-repeat":"repeat","background-position":"center center","background-size":"auto","background-attachment":"scroll","background-type":"","background-media":"","overlay-type":"","overlay-color":"","overlay-opacity":"","overlay-gradient":""},"mobile":{"background-color":"","background-image":"","background-repeat":"repeat","background-position":"center center","background-size":"auto","background-attachment":"scroll","background-type":"","background-media":"","overlay-type":"","overlay-color":"","overlay-opacity":"","overlay-gradient":""}},"ast-content-background-meta":{"desktop":{"background-color":"var(--ast-global-color-5)","background-image":"","background-repeat":"repeat","background-position":"center center","background-size":"auto","background-attachment":"scroll","background-type":"","background-media":"","overlay-type":"","overlay-color":"","overlay-opacity":"","overlay-gradient":""},"tablet":{"background-color":"var(--ast-global-color-5)","background-image":"","background-repeat":"repeat","background-position":"center center","background-size":"auto","background-attachment":"scroll","background-type":"","background-media":"","overlay-type":"","overlay-color":"","overlay-opacity":"","overlay-gradient":""},"mobile":{"background-color":"var(--ast-global-color-5)","background-image":"","background-repeat":"repeat","background-position":"center center","background-size":"auto","background-attachment":"scroll","background-type":"","background-media":"","overlay-type":"","overlay-color":"","overlay-opacity":"","overlay-gradient":""}},"footnotes":""},"_links":{"self":[{"href":"https:\/\/ib-bb.de\/index.php?rest_route=\/wp\/v2\/pages\/802"}],"collection":[{"href":"https:\/\/ib-bb.de\/index.php?rest_route=\/wp\/v2\/pages"}],"about":[{"href":"https:\/\/ib-bb.de\/index.php?rest_route=\/wp\/v2\/types\/page"}],"author":[{"embeddable":true,"href":"https:\/\/ib-bb.de\/index.php?rest_route=\/wp\/v2\/users\/1"}],"replies":[{"embeddable":true,"href":"https:\/\/ib-bb.de\/index.php?rest_route=%2Fwp%2Fv2%2Fcomments&post=802"}],"version-history":[{"count":12,"href":"https:\/\/ib-bb.de\/index.php?rest_route=\/wp\/v2\/pages\/802\/revisions"}],"predecessor-version":[{"id":1093,"href":"https:\/\/ib-bb.de\/index.php?rest_route=\/wp\/v2\/pages\/802\/revisions\/1093"}],"wp:attachment":[{"href":"https:\/\/ib-bb.de\/index.php?rest_route=%2Fwp%2Fv2%2Fmedia&parent=802"}],"curies":[{"name":"wp","href":"https:\/\/api.w.org\/{rel}","templated":true}]}}