{"id":257,"date":"2019-02-12T07:39:55","date_gmt":"2019-02-12T06:39:55","guid":{"rendered":"http:\/\/ib-bb.de\/?page_id=257"},"modified":"2024-12-28T16:23:22","modified_gmt":"2024-12-28T15:23:22","slug":"startseite","status":"publish","type":"page","link":"https:\/\/ib-bb.de\/","title":{"rendered":"Startseite"},"content":{"rendered":"\n<p><\/p>\n\n\n\n<p><strong>Wir machen PAUSE !!<\/strong><\/p>\n\n\n\n<p><strong>Aufgrund einer kurzfristigen schweren Erkrankung kann der Vertrieb und die Produktion ab sofort bis auf weiteres nicht weitergef\u00fchrt werden,<\/strong><\/p>\n\n\n\n<p><strong>Wir bitten um Verst\u00e4ndnis und bedanken uns f\u00fcr die Zusammenarbeit und das entgegengebrachte Vertrauen.<\/strong><\/p>\n\n\n\n<p><strong>Derzeit sind keine Bestellungen m\u00f6glich<\/strong>.<\/p>\n\n\n\n<p><\/p>\n\n\n\n<p>Herzlich willkommen auf unserer neu gestalteten Homepage, auf der wir unter anderem selbst hergestellte Produkte f\u00fcr Gartenbahnen im Ma\u00dfstab 1:22,5 anbieten.<br><br>Aus dem Hobby heraus haben wir einige Sachen entwickelt, die so auf dem Markt nicht erh\u00e4ltlich sind, dem einen oder anderen jedoch bei der Gestaltung seiner Bahn helfen k\u00f6nnen.<br><br>Deshalb verstehen wir uns auch als Kleinserienhersteller. Vielmehr wollen wir unsere Entwicklungen auch anderen Gartenbahnern zug\u00e4nglich machen und zum Erhalt dieses Hobbies beitragen.<br><br>Die Verf\u00fcgbarkeiten und die Lieferzeit k\u00f6nnen daher auch Saisonbedingt variabel sein.<br><br>F\u00fcr alle Auftr\u00e4ge erhalten Sie selbstverst\u00e4ndlich eine Rechnung mit ausgewiesener Mehrwertsteuer.<\/p>\n\n\n\n<p>Preislisten und Montageanleitungen finden Sie unter <a href=\"https:\/\/ib-bb.de\/?page_id=288\">DOWNLOAD<\/a> als PDF.<\/p>\n\n\n\n<p>Unser neuer <a href=\"https:\/\/ib-bb.de\/wp-content\/uploads\/2019\/02\/Flyer_2016.pdf\">Flyer<\/a>! <br><br>Wir freuen uns auf Ihre Anfrage. Sie k\u00f6nnen uns \u00fcber <a href=\"mailto:info@ib-bb.de\">Email<\/a> errreichen.<\/p>\n\n\n\n<h2 class=\"wp-block-heading\">Produkte:<\/h2>\n\n\n\n<p>Hier geht es zu unseren <a href=\"https:\/\/ib-bb.de\/?page_id=7\">Produkten<\/a>.<\/p>\n\n\n\n<h2 class=\"wp-block-heading\">News:<\/h2>\n\n\n<ul class=\"wp-block-latest-posts__list wp-block-latest-posts\"><li><a class=\"wp-block-latest-posts__post-title\" href=\"https:\/\/ib-bb.de\/?p=1150\">Wir machen Pause !<\/a><\/li>\n<li><a class=\"wp-block-latest-posts__post-title\" href=\"https:\/\/ib-bb.de\/?p=834\">Berichte \u00fcber unsere Produkte<\/a><\/li>\n<\/ul>\n\n\n<h2 class=\"wp-block-heading\">Auf folgenden Veranstaltungen k\u00f6nnen Sie uns und unsere Produkte pers\u00f6nlich kennenlernen:<\/h2>\n\n\n\n\t\t\t\t<div class=\"event-list\">\n\t\t\t\t<style type=\"text\/css\">\n\t\t\t\t\t.filterbar { display:table; width:100% }\n\t\t\t\t\t.filterbar > div { display:table-cell }\n\t\t\t\t<\/style>\n\t\t\t\t<!--[if lte IE 7]>\n\t\t\t\t<style>.filterbar > div { float:left }<\/style>\n\t\t\t\t<![endif]-->\n\t\t\t\t<div class=\"filterbar subsubsub\">\n\t\t\t\t\t<div style=\"text-align:left\"><ul class=\"hlist\"><li><a href=\"https:\/\/ib-bb.de\/?rest_route=%2Fwp%2Fv2%2Fpages%2F257&#038;date1=all\">Alle<\/a><\/li><li><strong>Anstehend<\/strong><\/li><\/ul>\n\t\t\t\t\t<\/div><\/div><p>no event<\/p>\n\t\t\t\t<\/div>\n\n\n\n<h2 class=\"wp-block-heading\">Auch interessant:<\/h2>\n\n\n\n<p>\u201eDaheim im Landkreis Regensburg\u201c &#8211; unter diesem Motto steht der neue Imagefilm des Landkreises Regensburg:<\/p>\n\n\n<p><a href=\"https:\/\/www.youtube.com\/watch?v=YzpvaP6h46M\">https:\/\/www.youtube.com\/watch?v=YzpvaP6h46M<\/a><\/p>\n","protected":false},"excerpt":{"rendered":"<p>Wir machen PAUSE !! Aufgrund einer kurzfristigen schweren Erkrankung kann der Vertrieb und die Produktion ab sofort bis auf weiteres nicht weitergef\u00fchrt werden, Wir bitten um Verst\u00e4ndnis und bedanken uns f\u00fcr die Zusammenarbeit und das entgegengebrachte Vertrauen. Derzeit sind keine Bestellungen m\u00f6glich. Herzlich willkommen auf unserer neu gestalteten Homepage, auf der wir unter anderem selbst [&hellip;]<\/p>\n","protected":false},"author":1,"featured_media":0,"parent":0,"menu_order":0,"comment_status":"closed","ping_status":"closed","template":"","meta":{"site-sidebar-layout":"default","site-content-layout":"default","ast-site-content-layout":"default","site-content-style":"default","site-sidebar-style":"default","ast-global-header-display":"","ast-banner-title-visibility":"","ast-main-header-display":"","ast-hfb-above-header-display":"","ast-hfb-below-header-display":"","ast-hfb-mobile-header-display":"","site-post-title":"","ast-breadcrumbs-content":"","ast-featured-img":"","footer-sml-layout":"","ast-disable-related-posts":"","theme-transparent-header-meta":"default","adv-header-id-meta":"","stick-header-meta":"","header-above-stick-meta":"","header-main-stick-meta":"","header-below-stick-meta":"","astra-migrate-meta-layouts":"set","ast-page-background-enabled":"default","ast-page-background-meta":{"desktop":{"background-color":"","background-image":"","background-repeat":"repeat","background-position":"center center","background-size":"auto","background-attachment":"scroll","background-type":"","background-media":"","overlay-type":"","overlay-color":"","overlay-opacity":"","overlay-gradient":""},"tablet":{"background-color":"","background-image":"","background-repeat":"repeat","background-position":"center center","background-size":"auto","background-attachment":"scroll","background-type":"","background-media":"","overlay-type":"","overlay-color":"","overlay-opacity":"","overlay-gradient":""},"mobile":{"background-color":"","background-image":"","background-repeat":"repeat","background-position":"center center","background-size":"auto","background-attachment":"scroll","background-type":"","background-media":"","overlay-type":"","overlay-color":"","overlay-opacity":"","overlay-gradient":""}},"ast-content-background-meta":{"desktop":{"background-color":"var(--ast-global-color-5)","background-image":"","background-repeat":"repeat","background-position":"center center","background-size":"auto","background-attachment":"scroll","background-type":"","background-media":"","overlay-type":"","overlay-color":"","overlay-opacity":"","overlay-gradient":""},"tablet":{"background-color":"var(--ast-global-color-5)","background-image":"","background-repeat":"repeat","background-position":"center center","background-size":"auto","background-attachment":"scroll","background-type":"","background-media":"","overlay-type":"","overlay-color":"","overlay-opacity":"","overlay-gradient":""},"mobile":{"background-color":"var(--ast-global-color-5)","background-image":"","background-repeat":"repeat","background-position":"center center","background-size":"auto","background-attachment":"scroll","background-type":"","background-media":"","overlay-type":"","overlay-color":"","overlay-opacity":"","overlay-gradient":""}},"footnotes":""},"_links":{"self":[{"href":"https:\/\/ib-bb.de\/index.php?rest_route=\/wp\/v2\/pages\/257"}],"collection":[{"href":"https:\/\/ib-bb.de\/index.php?rest_route=\/wp\/v2\/pages"}],"about":[{"href":"https:\/\/ib-bb.de\/index.php?rest_route=\/wp\/v2\/types\/page"}],"author":[{"embeddable":true,"href":"https:\/\/ib-bb.de\/index.php?rest_route=\/wp\/v2\/users\/1"}],"replies":[{"embeddable":true,"href":"https:\/\/ib-bb.de\/index.php?rest_route=%2Fwp%2Fv2%2Fcomments&post=257"}],"version-history":[{"count":14,"href":"https:\/\/ib-bb.de\/index.php?rest_route=\/wp\/v2\/pages\/257\/revisions"}],"predecessor-version":[{"id":1154,"href":"https:\/\/ib-bb.de\/index.php?rest_route=\/wp\/v2\/pages\/257\/revisions\/1154"}],"wp:attachment":[{"href":"https:\/\/ib-bb.de\/index.php?rest_route=%2Fwp%2Fv2%2Fmedia&parent=257"}],"curies":[{"name":"wp","href":"https:\/\/api.w.org\/{rel}","templated":true}]}}